j**5 + 0. Let l(y) be the first derivative of c(y). Give l(2).
-7
Let l(p) = p**2 + 7*p + 12. Let d be l(-5). Let k(t) = 3*t - d*t - t - 5*t. Give k(-1).
5
Let o be (1 + -1)*1/2. Let h(y) = -2 + 0 + 0 + 3. Let v(q) = q + 3. Let l(p) = -4*h(p) + v(p). Calculate l(o).
-1
Let p be -13 - (-1014)/36 - 2/12. Let y(v) = v**3 - 16*v**2 + 16*v - 17. What is y(p)?
-2
Suppose 19 - 1 = 6*m. Let v(x) = x**3 - 6*x**2 + 2. Determine v(m).
-25
Suppose 0 = k - 0*f - 2*f + 12, 0 = 2*k - 2*f + 18. Let j(q) be the second derivative of -1/2*q**3 - 7/2*q**2 + 0 - 2*q. Calculate j(k).
11
Suppose 4*u = -3*y + 2*y - 30, 4*u + 36 = 2*y. Let r(s) = s**2 + 11*s + 12. Calculate r(u).
-12
Let n(i) = 18*i**2 + 4*i + 23*i**2 - 42*i**2. Let k(s) = -5*s**2 + 15*s + 1. Let d(v) = 2*k(v) - 9*n(v). Give d(-5).
7
Let j(i) be the second derivative of i**3/3 - 3*i**2 - 47*i. Determine j(-5).
-16
Let w(r) = 274 - 90 + 7*r - 86 - 84. Calculate w(-6).
-28
Let j(a) be the third derivative of a**4/12 - a**3/6 - a**2 - 29. Determine j(7).
13
Suppose 1597*h - 1604*h + 28 = 0. Let n(p) = p**2 + 12*p - 1. Let d(z) = 3*z. Let x(y) = 9*d(y) - 2*n(y). Give x(h).
-18
Let r(o) = o**2 + o + 1. Suppose -2*p + 0*p - f = -3, -6 = -2*p - 4*f. Suppose j + p + 0 = 0. Calculate r(j).
1
Let g(m) be the first derivative of -2/3*m**4 + 2 - 5*m - 1/20*m**5 - m**2 - 4/3*m**3. Let k(y) be the first derivative of g(y). Calculate k(-7).
5
Let o(m) = 2*m - 2. Let i(h) = 2*h - 2. Suppose 1 = -n - 3*s, 2*n + 3 = -6*s + s. Let b(l) = n*i(l) + 3*o(l). What is b(-2)?
6
Let v = -19 + 22. Let o be 28/v - (-1)/(-3). Let n = -9 + o. Let u(l) = l**3 + l**2 + l + 4. Give u(n).
4
Let m(t) = t**3 + 2*t**2 + 3*t + 1. Suppose 4*p + 3 = 5*p. Suppose 4*l - 5*w + p = 0, 2*w - 2 = 4*l + 4. Calculate m(l).
-5
Let y(w) = 11*w + 8. Suppose -2*i - 4 + 2 = -3*o, 0 = i - o + 1. Let d be y(i). Let t(n) be the second derivative of -n**5/20 - n**4/6 - n. Determine t(d).
9
Let w be 6*((-32)/(-12))/4. Suppose -8 = -z - w. Let v(y) = -10*y - 4 + 19*y - 7*y - y. Calculate v(z).
0
Let s(b) be the second derivative of -1/12*b**4 - 2 + 21*b - b**3 + 3*b**2. What is s(-5)?
11
Let v(t) = -t**3 + 5*t**2 + 7*t - 8. Let i be v(6). Let z(a) be the second derivative of -a**4/12 - a**3/2 - a**2/2 + a. Give z(i).
1
Let d(x) = -13*x - 24*x - 8*x + 52*x - 23*x. Let i = -4 + 7. Suppose 3*a = i - 6. Determine d(a).
16
Let j(l) = -l**3 + l**2 - l + 2. Let c be 8/20 + 488/(-20). Let p = -20 - c. Suppose -p*z + 7*z = 0. Give j(z).
2
Let x(o) = 2*o**2 - o. Let r be x(-1). Suppose 3 = -r*d + 36. Let j = -15 + d. Let m(n) = n**3 + 5*n**2 + 4*n + 1. Determine m(j).
1
Let u(r) = -5*r**3 - 4*r**2 + 4*r - 11. Let t(s) = s**3 - s**2 - s + 1. Let j be ((-6)/5)/(9/30). Let i(b) = j*t(b) - u(b). Calculate i(-8).
7
Let b(l) = -l**2 + 14*l - 12. Suppose -4*z = -3*z + 3, 0 = -a - 2*z + 7. Determine b(a).
1
Let l(w) = 2*w**2 - 100*w**3 + 1 + 99*w**3 - 2*w**2. Calculate l(-1).
2
Let p(d) = 2*d**2 - 9*d + 3. Suppose -2 - 22 = -j - 4*x, 4*j = -5*x + 41. Determine p(j).
-1
Let s(v) = 9*v - 14*v**2 + 15*v**2 + 4 - 10*v. Let g(x) = 5*x**2 - 5*x + 17. Let l(r) = -2*g(r) + 9*s(r). Determine l(0).
2
Let u(r) = 37*r + 37*r - 72*r - 5 + 3 - 3. Calculate u(5).
5
Let c(g) = 3*g + 7. Let s be 2/(-8) - 105/28. Let v be c(s). Let t be 4/v*(-105)/14. Let m(d) = -d**3 + 7*d**2 - 8*d + 4. Determine m(t).
-8
Let j(x) = -x**2 - 10*x + 6. Let c(w) = w**2 + 10*w - 1. Let v be c(-9). Determine j(v).
6
Let p(j) be the third derivative of -j**5/60 + 5*j**4/24 - j**3/2 - 2*j**2. Let t = 56 + -56. Suppose t = 2*r - 0*r - 8. Calculate p(r).
1
Let g = -912 - -916. Let h(u) be the third derivative of -1/6*u**3 + 0*u + 5/24*u**g + 0 + 10*u**2. Calculate h(-1).
-6
Suppose -5*u + 5 = 8*l - 7*l, 4*l - 3*u = 20. Let j(i) = -2*i**2 + 5*i - 3. Give j(l).
-28
Let u(n) = n - 2. Let z be u(-4). Let w(s) = s**2 + 9*s - 7. What is w(z)?
-25
Let o(v) = 5*v + 11. Let y(b) = b. Let z(p) = o(p) - 4*y(p). Let m be z(-6). Let r(c) = -c**2 + 5*c + 6. What is r(m)?
6
Let m(z) = -z - 9. Let x(k) = -6*k - 45. Let a(j) = -11*m(j) + 2*x(j). Suppose u + 4 = 7. Suppose -9 = -w - p, u*p + 16 = 2*w + 4*p. Give a(w).
2
Suppose 30*l + 238 = -4*l. Let g(w) = w + 15. Determine g(l).
8
Let u(w) = w + 1. Let i(f) = f**2 + 4*f + 9. Let y(x) = -i(x) - 5*u(x). Let q be y(-6). Let z(g) = 2*g + 0*g + q*g - 4*g. Give z(-1).
-2
Suppose 3 = -2*g - a, 5*a - 2 = -2*g - 17. Let o(v) = v**2 - v - 1. Determine o(g).
-1
Let t(d) = -2*d. Let k be t(-3). Let q = 269 + -244. Suppose l = k*l - q. Let y(r) = -r**3 + 5*r**2 - 3*r + 5. Calculate y(l).
-10
Let y(t) be the second derivative of t**4/6 + t**3/6 - 3*t**2/2 + 113*t. Give y(-3).
12
Suppose -4*l = x + 7 - 1, -l = 2*x + 47. Let g = x + 29. Suppose -g*s + 12 = -9*s. Let t(a) = a**2 + 3*a + 1. Determine t(s).
-1
Let c(n) be the first derivative of -n**4/4 - 7*n**3/3 + n**2/2 + 7*n + 317. What is c(-6)?
-35
Suppose 0 = 8*c - 10*c + 10. Let l(k) = -k**2 - 4*k + 4. Calculate l(c).
-41
Let k = 4433/6 - 738. Let m(s) be the third derivative of 1/60*s**5 + 0 - k*s**3 + 12*s**2 + 0*s - 1/6*s**4. Give m(6).
7
Let p = 299 - 292. Let b(k) = -k + 11. Determine b(p).
4
Suppose -3*i = -3*d - 21, 6 = 5*i + d - 5. Suppose -3*g - i + 18 = -3*k, 3*k = 4*g - 18. Let r(o) = 6*o. Calculate r(k).
-12
Suppose 0 = -4*j - 2*l + 14, 0 = -2*j - 0*l + l + 1. Let n be (1/2)/(j/4). Let o(h) be the second derivative of 3*h**5/20 - h**4/12 + 5*h + 8. Give o(n).
2
Let i = 106 - 99. Let j(g) = 3*g**2 + 6*g - 1. Let u(y) = -10*y**2 - 19*y + 4. Let b(h) = i*j(h) + 2*u(h). Give b(-4).
1
Let l(v) be the first derivative of 2*v**3/3 + 6*v**2 + 3*v - 577. Give l(-6).
3
Let s(d) = -d**2 - 9. Let u(o) = -o**2 + 4*o + 9. Let f be u(-5). Let p be (f/54)/(1 - -1)*0. Determine s(p).
-9
Let l(x) be the second derivative of -5/6*x**3 + 1/12*x**4 + 23*x + 0 + 2*x**2. Let s be (-1)/(0 + 1/(-3)). What is l(s)?
-2
Suppose -2*s = -5*s + 4*f + 7, 3*f + 19 = 5*s. Let u(x) = 1 + s*x - 4 + 4 - 4*x. Let g be u(-4). Let z(d) = d**2 + 2*d - 4. What is z(g)?
-1
Let x(c) = c**3 + 13*c**2 - 4*c + 1. Let s(f) = -2*f**2 - 27*f - 103. Let a be s(-6). Calculate x(a).
53
Let c be (-4)/5 - 9/((-225)/20). Let o(y) = -2301*y**2 + 2300*y**2 + 9*y + 4 + c. Calculate o(10).
-6
Let s(z) be the third derivative of -z**4/8 - z**3/6 + 5*z**2 - 7*z. Let b be 1*2*-1*1. Determine s(b).
5
Let v(q) = q + 8. Let g be v(-7). Let t be 1*(2 - (g + 0)). Suppose 0 = 4*z - 11 - t. Let k(c) = -c - 1. Determine k(z).
-4
Let p(t) = 60*t - 1. Let j be 5 + (-4 - 0) + 0. Determine p(j).
59
Let y = -2505 + 2498. Let o(v) be the third derivative of v**5/60 + 7*v**4/24 + 3*v**3/2 + v**2. Determine o(y).
9
Suppose 3*w - 608 = 11*w. Let f be w/18 - 14/(-63). Let d(p) = 2*p + 9. Let h(q) = 1. Let m(r) = -d(r) + 5*h(r). What is m(f)?
4
Suppose 0 = 3*z - 0 + 45. Let u(j) be the second derivative of -j**4/12 - 5*j**3/2 - 5*j**2/2 + j. Calculate u(z).
-5
Let r(v) be the third derivative of v**6/120 - 13*v**5/60 + v**4/12 - 31*v**3/6 - 166*v**2. Give r(13).
-5
Let n(m) = m**2 - 7*m + 6. Let t = 34 + -28. Let x(g) = 2*g + t + 6*g - 1 - 2*g**2 + 0. Let c be x(4). Give n(c).
-4
Let c be 1 - (-1 + 8 + 0). Let a(i) be the third derivative of 1/24*i**4 + 0*i + 1/3*i**3 + 0 - 19*i**2. Determine a(c).
-4
Let t(a) = 17*a + 122. Let z be t(-7). Let f be (-3)/(-5) - (-18)/(-30). Let r(u) = -3 + 2 + u - 3*u**2 + u**3 + 0 + f. Give r(z).
2
Suppose 14*j - 10 = 9*j. Let r(n) = 0 - n**3 + 4 + 2 + 5*n**2 - 5*n + j*n**3. Calculate r(-6).
0
Let a = 1078 - 1075. Let t(c) = 2*c + 6. Determine t(a).
12
Let o(y) = 5*y - 3. Suppose 11 = 2*j - f, 5*j - 11 = 4*f + 24. Calculate o(j).
12
Let v = 37 - 33. Let a(q) = 4*q**2 + 3*q + 3 + 231*q**3 + 3*q - v - 232*q**3. Let k = 10 + -5. Determine a(k).
4
Let q(h) = 61*h + 29. Let t(c) = 132*c + 59. Let s(j) = 13*q(j) - 6*t(j). Calculate s(-10).
13
Let o(w) = -4*w**3 - 4*w**2 + 4*w + 1. Let c(d) = -3*d**3 - 3*d**2 + 3*d + 1. Let q(m) = 7*c(m) - 5*o(m). Give q(2).
-8
Let a(o) = 6*o + 47. Let q be a(-7). Let y(f) = 3*f + 5. Let x(w) = -13*w - 21. Let l(h) = 2*x(h) + 9*y(h). Calculate l(q).
8
Suppose -4*b - 6*s + 3*s + 195 = 0, 0 = b + 2*s - 55. Let x be (-15)/b*(-8 + -1). Let m(u) = 5*u**2 - 21*u**x + 12*u**3 + 8*u**3 - 2*u + 7. What is m(5)?
-3
Let i be (-3)/((-3)/(-2)) + 5. Let u(x) = 145